84779 (base 10) in base 6?
-1452255
-12121332122 (base 4) to base 13
-46a459
What is 33120331 (base 6) in base 5?
223142041
-11265155 (base 7) to base 5
-223203031
What is 222203023 (base 4) in base 12?
84a37
565314 (base 13) to base 2
111110001111000101100
-1210122012121 (base 3) to base 4
-3221232100
What is -32a4927 (base 11) in base 3?
-101220010220000
What is 57823 (base 11) in base 2?
10100011000111011
Convert 14131024 (base 5) to base 15.
2d2c9
What is -14665475 (base 9) in base 3?
-111202012112112
11011001001010111010 (base 2) to base 14
19225c
130778 (base 10) to base 4
133323122
-6d2b5 (base 14) to base 9
-445774
-21321202 (base 4) to base 6
-511414
-330c3 (base 16) to base 4
-303003003
What is 6046053 (base 9) in base 3?
20001120001210
Convert 392a (base 16) to base 2.
11100100101010
What is 16830 (base 10) in base 7?
100032
What is -8250277 (base 10) in base 15?
-ace7d7
Convert 174376 (base 13) to base 15.
b7077
Convert 1202002112 (base 3) to base 13.
1281b
What is -1b7cd (base 16) in base 9?
-181388
Convert 12b06a (base 15) to base 9.
1617551
What is d75254 (base 16) in base 14?
1c34872
-29d208 (base 15) to base 5
-1004044313
-295362 (base 11) to base 13
-131a73
What is -651334 (base 11) in base 8?
-3761532
-29308 (base 12) to base 9
-86738
-124165 (base 8) to base 6
-531353
What is -4334403314 (base 5) in base 16?
-8dd181
What is -81a339 (base 16) in base 14?
-11b2281
What is -78071 (base 11) in base 7?
-651032
4a10c5 (base 15) to base 9
6605885
What is -51532222 (base 6) in base 14?
-2aac18
What is 33132012003 (base 4) in base 3?
21122001000000
Convert -40302040 (base 5) to base 14.
-85585
Convert -21040430 (base 5) to base 2.
-101010100110011010
Convert 30dbb (base 15) to base 16.
25d60
Convert 11101011100111010100 (base 2) to base 6.
32403540
What is -12015203 (base 6) in base 16?
-5bb93
53064022 (base 7) to base 3
22102221021001
256a12 (base 16) to base 14
47b81c
Convert 202201202222221 (base 3) to base 9.
22652887
What is 170504 (base 11) in base 16?
407d3
What is 6ec56 (base 16) in base 8?
1566126
2015645 (base 7) to base 3
110011212022
Convert 5934068 (base 11) to base 2.
100111100000011101101001
6003543 (base 7) to base 2
10101100101001111111
Convert cc7a78 (base 13) to base 7.
55634054
What is 46161 (base 13) in base 7?
1041141
Convert 43873 (base 16) to base 8.
1034163
101111000000100100 (base 2) to base 14
50256
What is 252770 (base 14) in base 2?
100110111001100111110
What is 11010012002012 (base 3) in base 11?
12652a1
Convert 5613 (base 11) to base 16.
1ce3
What is -101000133 (base 4) in base 14?
-1b55d
What is 27740 (base 12) in base 3?
2202221010
-302120 (base 13) to base 16
-111104
Convert -7862828 (base 9) to base 7.
-50662646
Convert 100631647 (base 8) to base 16.
10333a7
What is 1956909 (base 12) in base 15?
707700
1095246 (base 10) to base 4
10023121032
Convert -40041303 (base 5) to base 10.
-315203
What is 1436053 (base 7) in base 11?
122984
100010010010011100001 (base 2) to base 10
1123553
What is -435334 (base 8) in base 15?
-2d47a
What is 4322313121 (base 5) in base 12?
30a99a6
Convert 4a76a (base 11) to base 7.
422144
Convert -1321576 (base 8) to base 12.
-159a26
Convert 27064716 (base 8) to base 10.
6056398
What is -313040 (base 14) in base 7?
-20053110
5406210 (base 7) to base 5
132021021
Convert -445309 (base 10) to base 15.
-8be24
Convert -678c5 (base 13) to base 8.
-557542
-93932 (base 11) to base 5
-13340021
Convert 69c1eb (base 15) to base 9.
10451145
187710 (base 9) to base 11
80080
What is 437401 (base 9) in base 16?
3fcbb
What is 100002100122 (base 3) in base 14?
49281
What is 1000100000101010101 (base 2) in base 6?
5551021
Convert -30010131 (base 7) to base 10.
-2473101
Convert -120b5a (base 12) to base 3.
-112211111021
1251122 (base 13) to base 9
11668848
24080268 (base 9) to base 13
2582876
What is 2111020211 (base 3) in base 10?
49027
What is 173d80 (base 15) in base 3?
2010020211210
Convert 100301023201 (base 4) to base 12.
157ba01
20262306 (base 7) to base 16
19e0c9
-432113110 (base 5) to base 9
-3402366
What is -1463979 (base 11) in base 2?
-1001100100011111101011
-1234201 (base 5) to base 6
-304301
Convert -b64bc (base 13) to base 10.
-328184
What is 1273634 (base 8) in base 10?
358300
What is -15113245 (base 6) in base 12?
-212825
a16844 (base 12) to base 16
267634
2794833 (base 11) to base 9
10038112
12560 (base 12) to base 7
132561
-1652341 (base 7) to base 14
-60458
Convert 202231221 (base 4) to base 15.
2c1e0
Convert 1333670 (base 10) to base 8.
5054646
Convert -6093681 (base 11) to base 8.
-51043167
Convert 133521122 (base 7) to base 4.
201012203312
Convert -100330122 (base 4) to base 2.
-10000111100011010
What is 14533420 (base 6) in base 5?
112311012
What is -14201101 (base 5) in base 10?
-147026
Convert -9732 (base 12) to base 14.
-6098
Convert 8637 (base 16) to base 3.
1202010120
-26b0101 (base 12) to base 7
-122251105
22527 (base 11) to base 16
7f42
Convert -496450 (base 10) to base 14.
-cccca
Convert 52131 (base 11) to base 13.
287ab
What is -4055a (base 16) in base 2?
-1000000010101011010
Convert 3b301 (base 15) to base 7.
1416664
4411524 (base 8) to base 5
300401341
7cc3b9 (base 14) to base 11
244a1a8
-a08365 (base 13) to base 9
-7016082
Convert 220021101 (base 4) to base 15.
33ac3
Convert 6524705 (base 8) to base 6.
101241445
What is 9300d (base 15) in base 6?
13552151
c81624 (base 13) to base 7
54561303
Convert 1743206 (base 8) to base 3.
221220000010
What is 201121232212 (base 4) in base 3?
121110212011021
What is -140cd31 (base 14) in base 13?
-2022728
Convert 3a19a (base 11) to base 14.
16d27
What is -15538305 (base 9) in base 5?
-3441324212
What is 32d6a (base 14) in base 8?
360762
-e9ce3 (base 16) to base 3
-1210122200011
13410424 (base 5) to base 2
100001101111111111
What is -36385 (base 16) in base 4?
-312032011
What is -14201225 (base 6) in base 5?
-110414132
Convert -101001201002 (base 3) to base 11.
-1258a8
Convert 1022110202 (base 3) to base 14.
95d1
Convert 1002012200101 (base 3) to base 14.
10d75a
51555253 (base 6) to base 10
1492881
What is -2c216 (base 13) in base 2?
-10100011110000011
Convert -2976881 (base 10) to base 4.
-23112301301
69ab3 (base 13) to base 12
93813
Convert 40a203 (base 12) to base 7.
11416026
Convert 282028 (base 15) to base 9.
3562172
Convert -286289 (base 15) to base 4.
-13122300003
What is -1001222101101020 (base 3) in base 9?
-31871336
Convert -11111010111001100000111 (base 2) to base 6.
-452114131
Convert -1621174 (base 8) to base 10.
-467580
-98692 (base 14) to base 8
-1320550
4b11b4 (base 16) to base 3
100020221121022
Convert 359c3 (base 13) to base 15.
1e218
-332a29 (base 14) to base 3
-10021012121220
9426 (base 10) to base 12
5556
-17dcd3 (base 14) to base 6
-30035441
Convert 344034 (base 10) to base 5.
42002114
-10110110212022 (base 3) to base 8
-7011430
Convert 1151433404 (base 6) to base 7.
220350640
b31996 (base 13) to base 12
1493443
-111110101011000101110 (base 2) to base 13
-56b9c3
33181 (base 10) to base 2
1000000110011101
Convert 524050405 (base 6) to base 9.
18187075
Convert 132b91 (base 12) to base 2.
1001101001100011101
What is 109a98e (base 15) in base 3?
211100200020222
Convert -1110111100010101 (base 2) to base 5.
-3424310
-3d8d91 (base 16) to base 7
-46200515
What is b61c18 (base 16) in base 4?
231201300120
Convert -66861 (base 11) to base 14.
-27431
Convert 35e02b (base 15) to base 7.
30626420
-101211112121111 (base 3) to base 13
-1267b6a
What is -22332013 (base 5) in base 11?
-126577
3902a (base 12) to base 9
127637
Convert 221002111001 (base 4) to base 2.
101001000010010101000001
-1112142341 (base 6) to base 11
-6945038
Convert -11b8ab0 (base 12) to base 10.
-3478308
Convert 92098 (base 11) to base 13.
49311
Convert 74821 (base 12) to base 16.
25699
-14102134 (base 5) to base 15
-2ca2e
What is -1441025251 (base 6) in base 10?
-17966335
-3442311123 (base 5) to base 15
-a38e0d
Convert -51321403 (base 6) to base 16.
-16786b
What is -1c33 (base 14) in base 11?
-3954
Convert 20632160 (base 7) to base 5.
422142113
What is -3334027 (base 10) in base 16?
-32df8b
What is 9804b8 (base 12) in base 13?
663230
Convert -4a3ed7 (base 15) to base 7.
-42143632
-10101001001100000 (base 2) to base 7
-510356
-6234734 (base 9